 - 220 = -2*c + 338. Suppose -c = -y - 2*f, 2*f = l*y - 486 - 100. Is y prime?
False
Suppose 11*x - 120 = 6*x. Suppose -u = 3*u - x. Is 1462 + (-45)/10*4/u a composite number?
False
Suppose 6*w - 3 = 3*w, 70 = 3*r - 2*w. Let m be 16/r*3/(-2)*-1. Is ((-58)/6)/(m/(-9)) a composite number?
True
Let l(t) = 58*t**2 - 56*t + 553. Is l(23) prime?
True
Let z = 429527 + -173688. Is z prime?
True
Is -19813*(34/(-255) - 39/45) a prime number?
True
Let a(o) = 387*o + 34. Let f(i) = 1549*i + 135. Let v(m) = -9*a(m) + 2*f(m). Is v(-5) a prime number?
True
Suppose 26*m = 25*m + 2. Suppose 3*c = q + 2*q - 9540, m*c + 12722 = 4*q. Is q a composite number?
False
Let w(b) = -b**2 + b + 1. Let t(p) = 24*p**2 + 2*p + 9. Let g(m) = t(m) - 3*w(m). Let s be g(-4). Suppose 5*c - 3*c - s = 0. Is c prime?
False
Suppose 133215012 = 332*v + 18356624. Is v prime?
False
Suppose 52 = 7*k + 6*k. Let p be (-3)/((-4)/k) + 1 + -4. Suppose p = -3*o - 5*h + 1878, -6*o + 1274 = -4*o - 4*h. Is o a composite number?
False
Suppose 0 = s - 22*s - 8820. Let a = 258 + -557. Let n = a - s. Is n a composite number?
True
Let u = 1643 - 1156. Suppose -2*n + 1707 = -2*f + u, n - 5*f = 606. Suppose 3*l = 2*j + n, 2*l + 3*l - 1021 = 2*j. Is l composite?
True
Suppose 0*s - 4*c + 200 = 3*s, 3*s - 196 = -5*c. Suppose -613 = -h - s. Is h composite?
False
Let a(d) = -2457*d + 1769. Is a(-30) prime?
True
Let y(t) = 9373*t - 646. Is y(5) a composite number?
False
Suppose 5*c - 2662532 = -13*c - 636434. Is c a prime number?
False
Suppose 33*f = 2*t + 27*f - 350228, -4*t + 700472 = 4*f. Is t composite?
True
Suppose 5*s + 0*s = -4*j - 13713, 0 = -4*j - 3*s - 13703. Let q = j + 7116. Is q a prime number?
False
Let n(a) = -1650*a**3 + 43*a**2 + 35*a + 13. Is n(-8) a composite number?
True
Suppose -28*k = -35*k + 14. Suppose 2*c - 4*q - 2624 = -0*c, k*c - 2*q - 2624 = 0. Let w = c - 567. Is w composite?
True
Is 43388 - ((-32)/(-4) - 11) a composite number?
False
Suppose -4*c = k - 2181045, 77*k = 2*c + 78*k - 1090519. Is c a prime number?
False
Suppose i + i = 5*k - 401, 0 = 4*k - 5*i - 314. Suppose -3*w + 3*y = -k, -w + 2*y = 4*y - 21. Suppose a - 6 = w. Is a composite?
False
Let w(f) = 3796*f - 6749. Is w(33) composite?
True
Suppose 6*l - 74712 = -16*l. Is (-6)/10 - l/(-10) a composite number?
True
Let s(f) = -14*f**3 - 6*f - f**3 + 4 + 8*f**2 - 7*f**3 + 5 + 26*f**3. Let w = 4 + 4. Is s(w) a composite number?
False
Let z = 9 + 3. Let k be (-6)/(28/84 - 22/12). Is 1*57*k/z prime?
True
Let b = 431383 + -299102. Is b composite?
True
Let v(c) = 101*c - 89. Suppose 85 = 3*q + k + 4*k, 2*q - 25 = 3*k. Is v(q) a prime number?
True
Suppose 40*v - 45*v = -3295. Let a(b) = 365*b + 9. Let x be a(7). Suppose v + x = 11*c. Is c composite?
False
Let l(h) = -1306*h**3 + 13*h + 59. Is l(-4) composite?
False
Let x(c) be the second derivative of -3*c**5/5 + 5*c**4/4 + 8*c**3/3 - 7*c**2 + 3*c - 2. Is x(-6) composite?
True
Let m(d) = d**2 + 5*d - 2. Suppose 12*r + 10 = 10*r. Let a be m(r). Is (24/(-9) - a) + (-71)/(-3) a prime number?
True
Let t(q) be the second derivative of -3*q**5/20 - 5*q**4/6 + 11*q**2/2 - 3*q. Let x be (1 + -1 + -4)/((-46)/(-92)). Is t(x) prime?
True
Suppose -4*k - 20 = -5*g + g, -k = -3. Is 141*6/72*g a composite number?
True
Suppose 4*n = -4*y + 145464, 0 = n - 47*y + 51*y - 36345. Is n composite?
False
Suppose -z = 21*s - 26*s + 26140, -4*s - 5*z + 20883 = 0. Is s a prime number?
True
Let k(x) = -234*x**3 + 6*x**2 - 5*x - 5. Let t be k(-3). Let h = t - -841. Is h a prime number?
False
Suppose -6*q + 12 = -2*q, i + 2*q - 31 = 0. Let c(a) = -a**3 + 25*a**2 + 48*a + 23. Is c(i) prime?
True
Suppose u + 106 + 155 = -4*c, -2*c = -3*u + 127. Let x be 4*(c/20 - -4). Is x/(12/1780) - 0 a composite number?
True
Suppose 5*s = 3*g - 646853, -38*s = -5*g - 33*s + 1078095. Is g a prime number?
False
Let s = 2526 - 4107. Let l = -182 - s. Is l composite?
False
Let d(l) = l**2 + 22*l - 131. Let o be d(9). Let m be ((-29)/(-3))/((-3)/(-441)). Let x = m - o. Is x composite?
True
Is (6/(-4))/(20 + 513397660/(-25669880)) composite?
False
Let g(h) = h**3 + 5*h**2 - 10*h - 17. Let p be g(-7). Let u = -40 - p. Suppose -u*y + 399 + 776 = 0. Is y a prime number?
False
Suppose 2 = -5*n + 22, 3*n - 30998 = -2*c. Is c a composite number?
False
Suppose 0 = -3*q - 0*q - 73975 + 406666. Is q a prime number?
False
Let q = 41 + -37. Let k be 1*5 - 8/q. Suppose -711 = -k*w - 6*w. Is w composite?
False
Let l(f) = -4*f**2 + 1. Let g(y) = 17*y**2 - y - 4. Let t(o) = -2*g(o) - 9*l(o). Let b be t(-2). Suppose b*r - 2*d - 901 = -0*r, 3*r = -3*d + 891. Is r prime?
False
Let y(m) = 78*m**2 - 5*m + 10. Let c(u) = u + 7. Let j be c(-3). Suppose b = 3*i + 18, -8*i + j*i = 5*b + 5. Is y(b) a composite number?
True
Suppose -v = -15*z + 18*z - 14, -3*v + 42 = -4*z. Let t(l) = 85*l**2 - l - 55. Is t(v) prime?
False
Suppose -4*q - 40 = 5*g - 9*q, 4*g + 17 = q. Let j be -114*(-71 - g)/4. Suppose 14*v = 8*v + j. Is v a composite number?
True
Let v(w) = -5*w + 3. Let h be v(0). Suppose -2*r + h = z - 4*z, -5*r + z = -1. Suppose -4*n + 3*p + 24 = r, n + 2*p - 29 = -3*p. Is n prime?
False
Let h(u) = -58*u**3 - 60*u**2 - 296*u - 1. Is h(-5) a prime number?
True
Is (-35094339)/294*(-3 + 1) prime?
False
Let t(h) = 19*h**2 - 7*h - 19. Suppose 26 = 5*f - 2*v, 8 = 2*f - 3*v + 2. Let i be (4*-1)/(4/f). Is t(i) a composite number?
True
Is (-25 - -122006) + -3 + 9/1 prime?
False
Suppose 0 = 7*d - 547834 - 974001. Is d composite?
True
Let r = 10 + -4. Let o(j) be the third derivative of 7*j**5/60 - j**4/4 - 5*j**3/6 + 58*j**2. Is o(r) a composite number?
False
Let g = -100946 - -173625. Is g a prime number?
True
Suppose s + 168 = 4*s. Suppose -9*u = -13*u - 172. Let y = u + s. Is y prime?
True
Let q(b) = -11*b**2 + 98*b + 11. Let h be q(9). Is (-1 - h) + 2934 - (-12)/3 prime?
False
Let d(r) = -1590*r - 2353. Is d(-25) prime?
True
Suppose -5*t = -h - 3*t + 546913, 0 = -3*t + 9. Is h a composite number?
False
Suppose 169*c = 164*c + 1185760. Suppose 36*g - c = 4*g. Is g a composite number?
False
Let b = 2499427 + -1689674. Is b composite?
True
Let s = -86554 - -161397. Is s prime?
True
Suppose 1329*a - 1318*a = 1104807. Is a prime?
False
Is (-9)/57 - (-220991901)/1767 composite?
True
Let y(k) = -224*k**2 + 29*k - 83. Let t(p) = -225*p**2 + 30*p - 85. Let i(b) = 2*t(b) - 3*y(b). Is i(10) a prime number?
False
Let f = 1258 - 499. Let u = 1322 - f. Suppose 0 = -d - 66 + u. Is d composite?
True
Let f = 29348 + 578201. Is f a composite number?
False
Is 1 + (161/21)/(1/11130) a composite number?
False
Let h be 22/77 + (-1237)/(-7). Suppose -h = -4*g + 2515. Is g prime?
True
Suppose 25 = 13*l + 77. Let z be (5/15)/(l/6)*0. Suppose z = 3*d - 4*h - 1501, -4*d + 8*d = -h + 1995. Is d a prime number?
True
Let q(d) = -118*d - 3331. Is q(-84) prime?
True
Let k = -10 - -9. Let u be (k + 11)*((-12)/(-8) + -1). Suppose -a = u*a - 3738. Is a a composite number?
True
Is (-2 - -1536583)*((-10)/6 + 112/42) composite?
False
Let o = 190 - 318. Let h = 257 + o. Is h a composite number?
True
Let f = -544 - -547. Suppose -3*k + 0*r = 2*r - 7305, 12194 = 5*k - f*r. Is k composite?
False
Suppose 41*c + 15 = 46*c. Suppose 0 = c*r - 2452 + 12859. Let b = -2420 - r. Is b a composite number?
False
Let w(v) = 9*v + 322*v**2 + 14*v**2 - 151 + 23 - 71*v + 36*v. Is w(-5) a composite number?
True
Is (-62419015)/(-291) + (56/12 - 4) a composite number?
False
Let c(q) = 105*q**2 - 7*q + 9. Suppose -20 = 2*u - 6*u. Is c(u) prime?
False
Is (-4)/((-24)/21 - (-156038220)/136533761) a prime number?
True
Let w be 0*((-7)/2 - -3). Suppose w = -4*j - 4279 + 32571. Let u = j - 2362. Is u prime?
False
Let a = -6970 + 4523. Let g = 7698 + a. Is g a prime number?
False
Let x = 143976 - 101077. Is x prime?
True
Suppose 452*z - 25920 = 449*z. Suppose 9*v - z = 1017. Is v prime?
False
Let n be (1 + -2)*(0 + 0) + 91850. Is n/60 - (-2)/12 a prime number?
True
Let y(n) = -217*n**3 - 3*n**2 - 9*n - 5. Let z be y(-2). Let q = 3138 - z. Is q a composite number?
True
Suppose 348*t - 362*t + 1716890 = 0. Is t prime?
False
Suppose -4 = 21*c - 17*c. Suppose 0 = -52*j + 111 + 45. Is (j - -1703 - 0)*c/(-2) composite?
False
Suppose -5*h - 2*h - 168 = 0. Let t be (-1)/6 - 16468/h. Suppose 2*j - 2083 = -j - 2*b, j - b = t. Is 